5. Calculate the highest common divisor of r and t.
32
Let x = 34899 - 22749. Calculate the highest common divisor of 45 and x.
45
Suppose 5*v + 4*w = 8296, 0 = 810*v - 814*v - 3*w + 6638. What is the greatest common factor of 160 and v?
32
Suppose 0 = 3*d - 20 + 11. Suppose d*x - 5*p = 16, -x - 25 = -4*x - 4*p. Let j be x - ((-2)/1 - -3). Calculate the highest common factor of 3 and j.
3
Suppose -2*a - 2*o + 224 = 0, 0 = -5*o - 19 + 29. Let l = -81 + a. What is the greatest common factor of 377 and l?
29
Let u be (-8)/(-4) + 0/(-2 - -1). Suppose -4 = 2*s, -4*s + 6 = -u*q + 4*q. Let a = 345 - 296. What is the highest common factor of a and q?
7
Let n be (-120543)/(-138) + 6/(-12)*(-2)/2. Calculate the greatest common factor of 138 and n.
46
Suppose -5*n + 740 = 5*d, -55*d + 602 = -51*d - n. Calculate the greatest common factor of d and 2050.
50
Let r = 11285 + -11215. What is the highest common factor of r and 80?
10
Suppose 7*j - 30 = 2*j. Let n be 21 + -2*(-3)/j. Let k = 32408 - 32406. Calculate the greatest common divisor of n and k.
2
Let z(v) = v**3 - 3*v**2 + 3*v - 13. Let d be z(3). Let g be d/(-5)*(-1 + (38 - -3)). What is the highest common factor of g and 16?
16
Let s be (-1155)/6 - -1*(-12)/(-8). Let j = s - -207. What is the greatest common divisor of j and 20?
4
Let w = -64 - -58. Let a(g) = -6*g - 28. Let c be a(w). Let d be 14/4*c/(-16)*-4. What is the greatest common divisor of d and 91?
7
Suppose -6*k + 18 = 5*d - 2*d, 0 = -2*k - 2. Suppose 15*s = d*s + 70. Calculate the greatest common divisor of 90 and s.
10
Suppose 90*h + 3441 - 5779 = 8822. Calculate the highest common factor of 403 and h.
31
Let k be (-121)/(-44) + 13/4 + -3. Suppose 2*x + 142 = 4*p, -12 = -5*p - 4*x + 133. What is the highest common factor of p and k?
3
Let d be 4/(-12) + (-2040379)/(-462) - 2/28. Calculate the highest common factor of 2112 and d.
192
Suppose -13989 = 5*s - 3*u, -5*s - 8*u - 13968 = -4*u. Let h = s + 4038. What is the greatest common factor of h and 54?
54
Suppose -14*w - 636 = -18*w - 4*h, -3*h + 631 = 4*w. Suppose -4*n + 7 = -5*q - 136, -2*q = 5*n - w. Calculate the greatest common factor of n and 224.
32
Suppose 4*v - 2*t - 21 = -3*t, -t = -2*v + 9. Suppose w = v + 4. Suppose 0 = 7*z - w*z + 26. What is the highest common factor of 26 and z?
13
Let t be (22312/(-30))/(-2) + ((-2438)/(-345))/53. What is the greatest common factor of 1519 and t?
31
Let c be (-25830)/756 - -1*1/6. Let j = c - -67. What is the highest common divisor of 165 and j?
33
Let v(a) be the third derivative of 7*a**5/30 + a**4 - 95*a**3/6 - 286*a**2. Let h be v(4). What is the greatest common divisor of h and 525?
75
Let u(f) = -f**3 + 29*f**2 - 3*f + 52. Let g be u(29). Let l be 1 - (-45)/g - (-1760)/35. Calculate the highest common factor of 20 and l.
10
Let b be (10 - 9)*273/(-21)*(1 + -80). Calculate the greatest common factor of 869 and b.
79
Let o(w) = 2*w - 38. Let s be o(11). Let n be 1/(-4) + 76/s + -1. Let k be (n/(6/(-1)))/(1/55). What is the highest common factor of 5 and k?
5
Let b = 13 + 15. Let f = -719 + 726. Let h = b - f. Calculate the greatest common divisor of 42 and h.
21
Let v(p) = -2*p**3 - 21*p**2 + 18*p + 155. Let b be v(-11). Calculate the highest common divisor of 1274 and b.
26
Suppose 6*t - 13*t = 0. Let d be (t - 18)*150/(-60). Calculate the highest common factor of d and 45.
45
Let a(s) = -s**2 - 6*s + 10. Let g be a(-8). Let k be -3 + 4 + 2 + g. Let y be (-2)/10 + ((-723)/(-15) - k). What is the greatest common divisor of y and 34?
17
Suppose 13*v = 86*v - 803. What is the greatest common factor of 2640 and v?
11
Let o(v) = -v**3 - 2*v**2 + v - 1. Let p be o(-3). Let l(m) = -m**3 - 8*m**2 - 18*m + 3. Let s be l(-7). What is the highest common divisor of p and s?
5
Let q(x) = x**2 + 19*x + 6. Let g be q(-19). Suppose -g*j + 5*j + 88 = 0. Calculate the highest common factor of j and 220.
44
Suppose 42*j = 152801 + 275053. Calculate the highest common divisor of 61 and j.
61
Suppose -137*i + 256*i = 145*i - 103220. What is the highest common divisor of i and 10?
10
Suppose 6*j - 18 = 0, 8*j + 3335 = z + 9*j. Calculate the greatest common divisor of z and 68.
68
Suppose 8*c = 22*c + 560. Let z = 85 + c. What is the highest common divisor of z and 30?
15
Let i = 815 + -813. Suppose i*v + 50 = 752. Calculate the greatest common divisor of 52 and v.
13
Let n(h) = 149*h**2 + 2*h - 1. Suppose 5*f - 4*w + 3 = 0, 4*w + 4 - 12 = 0. Let q be n(f). What is the greatest common divisor of 30 and q?
30
Let n be (-2)/(-2) - -1 - -12. Let w(x) = 218*x - 141. Let g be w(1). Calculate the highest common factor of g and n.
7
Let i be (-109 - 77)/((-3)/26). Calculate the highest common factor of i and 702.
26
Suppose 0 = 3*r + 9, 10*x - 9*x = -2*r + 110. Calculate the highest common factor of x and 1769.
29
Let x(z) = -2*z**3 - 2*z**2 - 2*z - 1. Let d be x(-1). Let t be ((-12)/(-8) - d)/((-4)/(-64)). Calculate the greatest common divisor of 216 and t.
8
Suppose 0 = 5*p - 3*h + 730, 5*p + h + 725 = 5*h. Let g = p - -253. Calculate the greatest common divisor of g and 143.
13
Let q = 31 - 26. Let u be (15/4)/(q/120). Suppose 0*k = -6*k + u. Calculate the greatest common divisor of k and 135.
15
Let k(r) = 20 - 42 - 1 - 8*r. Let s be k(-11). What is the highest common factor of s and 10?
5
Let m = -4145 + 4162. Let p(u) = -u - 10. Let t(w) = 3*w + 40. Let z(d) = 9*p(d) + 2*t(d). Let v be z(-9). What is the greatest common divisor of m and v?
17
Let u(x) = 6*x**2 + 157*x - 1495. Let n be u(10). Calculate the greatest common divisor of n and 351.
27
Let v = 67 + -25. Let s be -45 + (-32859)/(-729) - (-77104)/108. What is the highest common divisor of s and v?
42
Let i(s) = 11*s**2 + s - 1. Let f be i(1). Let y = -362 + 560. What is the highest common factor of f and y?
11
Let s(l) = 283*l**2 - 38*l - 302. Let t be s(-6). What is the highest common factor of t and 52?
26
Let t be (-1 + 525/6)/((-3)/6). Let g = 182 + t. What is the greatest common divisor of 9 and g?
9
Let v be (-10 - 0)/(-10)*(-300)/(-2). Let y(l) = 10*l - 60. Let j be y(31). What is the highest common factor of v and j?
50
Suppose 5*w = 5*b - 11320, -786 - 1480 = -b + 3*w. Calculate the highest common factor of 93 and b.
31
Let d(x) = x**3 - 15*x**2 + 31*x - 49. Let u be d(13). Let j be 38/(u/(-1624)*-7). Calculate the highest common factor of j and 19.
19
Let b be 12/30 - ((-24)/15 - -1). Let r be b + 1 - (-36 + 20). What is the highest common divisor of r and 117?
9
Suppose -5*a - 28 = -v, -5*v - 40 = 9*a - 4*a. Let b be -1 - 14*a/4. What is the highest common factor of b and 170?
10
Suppose -4*y = -5*s + 11 - 66, 4*y = 3*s + 65. Suppose -2*z - 3*z = -y. Calculate the highest common divisor of z and 100.
4
Let j = -33 + 48. Suppose -33 = -v - j. Let d be -3*(-12)/v*(30 - 2). Calculate the greatest common factor of 7 and d.
7
Suppose -3*z + 21 = 8*v - 54, 0 = -4*v - 36. Calculate the greatest common factor of 5320 and z.
7
Let l be ((2 - 4) + 21/9)*9. Suppose 4*q = -l*b + 439, 3*b = -9*q + 4*q + 545. What is the highest common divisor of q and 53?
53
Suppose 115*o - 118*o + 2227 = 4*p, 3*p = 5*o - 3702. What is the greatest common factor of 624 and o?
39
Suppose 8*g - 11*g - 3*f + 16194 = 0, -3*f = 6. Calculate the highest common factor of g and 2970.
270
Let y = -48 - -50. Suppose o = 4*x - 37, -y*x - 5*o + 5 = 14. Suppose -4*a + 8 = 0, 9*a = 3*s + 4*a - x. Calculate the greatest common factor of s and 9.
3
Suppose 4 = 2*c + 2*w, -3*c - 3*w + 6 = 2*c. Suppose -10*y + 4*y + 600 = c. Suppose -m - 5 = -30. Calculate the greatest common divisor of m and y.
25
Let o = 238 - 142. Let s be 43 + (-8136)/216 - (-1040)/3. Calculate the greatest common factor of s and o.
32
Let m(h) = -3 + 964*h + 9*h**2 - 1917*h + 957*h. Let o be m(-3). Calculate the greatest common divisor of o and 110.
22
Let b(k) = 46*k + k**3 - 23*k + 162 - 21*k. Let z be b(0). What is the greatest common factor of z and 54?
54
Suppose 16*p + 4 = 14*p. Let l be (p + 5 + -2)*-1 - -8. Suppose -4*h + 60 = -2*t, 3*h = 2*t - l*t + 45. Calculate the highest common factor of 165 and h.
15
Let g = 304 - 311. Let i be (-1188)/(-42) - (-2)/g. What is the highest common factor of 756 and i?
28
Suppose 1131*z + 376 + 213 = 1162*z. What i